ided by 12?
8
What is the remainder when 5 is divided by 3?
2
What is the remainder when 8249 is divided by 30?
29
Calculate the remainder when 12333 is divided by 176.
13
What is the remainder when 124 is divided by 38?
10
What is the remainder when 364 is divided by 22?
12
Calculate the remainder when 186 is divided by 24.
18
What is the remainder when 2639 is divided by 48?
47
What is the remainder when 173 is divided by 42?
5
Calculate the remainder when 212 is divided by 19.
3
What is the remainder when 3170 is divided by 38?
16
What is the remainder when 224 is divided by 6?
2
What is the remainder when 719 is divided by 103?
101
Calculate the remainder when 190 is divided by 12.
10
What is the remainder when 23 is divided by 15?
8
Calculate the remainder when 276 is divided by 135.
6
Calculate the remainder when 4004 is divided by 5.
4
Calculate the remainder when 262 is divided by 22.
20
What is the remainder when 402 is divided by 45?
42
Calculate the remainder when 237 is divided by 79.
0
Calculate the remainder when 333 is divided by 42.
39
What is the remainder when 114 is divided by 39?
36
Calculate the remainder when 23 is divided by 19.
4
What is the remainder when 231 is divided by 72?
15
What is the remainder when 762 is divided by 142?
52
Calculate the remainder when 328 is divided by 99.
31
Calculate the remainder when 122 is divided by 62.
60
What is the remainder when 1122 is divided by 372?
6
What is the remainder when 296 is divided by 51?
41
Calculate the remainder when 30 is divided by 28.
2
What is the remainder when 124 is divided by 81?
43
Calculate the remainder when 1917 is divided by 15.
12
What is the remainder when 973 is divided by 40?
13
What is the remainder when 599 is divided by 200?
199
What is the remainder when 4463 is divided by 144?
143
Calculate the remainder when 6888 is divided by 382.
12
Calculate the remainder when 5248 is divided by 10.
8
Calculate the remainder when 120 is divided by 4.
0
Calculate the remainder when 143 is divided by 41.
20
What is the remainder when 122 is divided by 42?
38
What is the remainder when 3270 is divided by 219?
204
Calculate the remainder when 1076 is divided by 54.
50
Calculate the remainder when 135 is divided by 90.
45
Calculate the remainder when 108 is divided by 55.
53
Calculate the remainder when 3076 is divided by 3073.
3
What is the remainder when 67 is divided by 21?
4
Calculate the remainder when 638 is divided by 215.
208
What is the remainder when 453 is divided by 97?
65
Calculate the remainder when 162 is divided by 58.
46
Calculate the remainder when 296 is divided by 50.
46
Calculate the remainder when 1054 is divided by 24.
22
Calculate the remainder when 188 is divided by 64.
60
Calculate the remainder when 1258 is divided by 28.
26
Calculate the remainder when 659 is divided by 26.
9
Calculate the remainder when 41 is divided by 41.
0
What is the remainder when 1257 is divided by 35?
32
Calculate the remainder when 750 is divided by 747.
3
What is the remainder when 1217 is divided by 6?
5
Calculate the remainder when 184 is divided by 19.
13
What is the remainder when 5519 is divided by 17?
11
What is the remainder when 4287 is divided by 11?
8
What is the remainder when 595 is divided by 170?
85
Calculate the remainder when 1163 is divided by 385.
8
Calculate the remainder when 869 is divided by 429.
11
Calculate the remainder when 90 is divided by 19.
14
Calculate the remainder when 2533 is divided by 15.
13
What is the remainder when 677 is divided by 92?
33
What is the remainder when 9597 is divided by 120?
117
What is the remainder when 275 is divided by 40?
35
What is the remainder when 682 is divided by 72?
34
What is the remainder when 7430 is divided by 126?
122
Calculate the remainder when 310 is divided by 79.
73
What is the remainder when 674 is divided by 8?
2
Calculate the remainder when 188 is divided by 156.
32
What is the remainder when 979 is divided by 12?
7
What is the remainder when 1204 is divided by 134?
132
What is the remainder when 190 is divided by 69?
52
Calculate the remainder when 255 is divided by 29.
23
What is the remainder when 320 is divided by 24?
8
What is the remainder when 1643 is divided by 17?
11
Calculate the remainder when 500 is divided by 126.
122
What is the remainder when 558 is divided by 16?
14
What is the remainder when 115 is divided by 39?
37
Calculate the remainder when 157 is divided by 79.
78
Calculate the remainder when 907 is divided by 35.
32
What is the remainder when 110 is divided by 5?
0
Calculate the remainder when 1753 is divided by 118.
101
What is the remainder when 1650 is divided by 14?
12
What is the remainder when 275 is divided by 69?
68
Calculate the remainder when 979 is divided by 190.
29
Calculate the remainder when 886 is divided by 82.
66
Calculate the remainder when 18 is divided by 8.
2
What is the remainder when 15847 is divided by 50?
47
What is the remainder when 273 is divided by 203?
70
Calculate the remainder when 311 is divided by 172.
139
What is the remainder when 139 is divided by 53?
33
What is the remainder when 9 is divided by 3?
0
What is the remainder when 536 is divided by 27?
23
Calculate the remainder when 538 is divided by 60.
58
Calculate the remainder when 393 is divided by 5.
3
What is the remainder when 1466 is divided by 29?
16
What is the remainder when 1659 is divided by 51?
27
Calculate the remainder when 95 is divided by 12.
11
Calculate the remainder when 3108 is divided by 1545.
18
What is the remainder when 1618 is divided by 322?
8
What is the remainder when 334 is divided by 51?
28
What is the remainder when 126 is divided by 84?
42
Calculate the remainder when 1243 is divided by 15.
13
Calculate the remainder when 66 is divided by 64.
2
Calculate the remainder when 242 is divided by 36.
26
What is the remainder when 2264 is divided by 81?
77
What is the remainder when 431 is divided by 63?
53
Calculate the remainder when 129 is divided by 48.
33
What is the remainder when 271 is divided by 8?
7
What is the remainder when 71 is divided by 37?
34
What is the remainder when 2388 is divided by 63?
57
Calculate the remainder when 2650 is divided by 78.
76
What is the remainder when 105 is divided by 55?
50
What is the remainder when 1253 is divided by 313?
1
Calculate the remainder when 132 is divided by 45.
42
Calculate the remainder when 19200 is divided by 211.
210
Calculate the remainder when 424 is divided by 39.
34
Calculate the remainder when 6323 is divided by 25.
23
Calculate the remainder when 15103 is divided by 182.
179
What is the remainder when 821 is divided by 46?
39
Calculate the remainder when 3249 is divided by 15.
9
What is the remainder when 1013 is divided by 55?
23
Calculate the remainder when 192 is divided by 157.
35
What is the remainder when 84 is divided by 17?
16
What is the remainder when 151 is divided by 47?
10
Calculate the remainder when 167 is divided by 22.
13
Calculate the remainder when 115 is divided by 41.
33
What is the remainder when 218 is divided by 19?
9
What is the remainder when 375 is divided by 17?
1
Calculate the remainder when 1091 is divided by 1061.
30
What is the remainder when 682 is divided by 18?
16
Calculate the remainder when 118 is divided by 68.
50
What is the remainder when 198 is divided by 146?
52
Calculate the remainder when 689 is divided by 220.
29
Calculate the remainder when 11800 is divided by 14.
12
Calculate the remainder when 521 is divided by 173.
2
Calculate the remainder when 47 is divided by 31.
16
What is the remainder when 363 is divided by 6?
3
What is the remainder when 9751 is divided by 106?
105
Calculate the remainder when 10 is divided by 7.
3
What is the remainder when 725 is divided by 52?
49
What is the remainder when 1888 is divided by 18?
16
What is the remainder when 316 is divided by 23?
17
Calculate the remainder when 153 is divided by 20.
13
Calculate the remainder when 2644 is divided by 870.
34
Calculate the remainder when 1637 is divided by 117.
116
Calculate the remainder when 17552 is divided by 21.
17
What is the remainder when 415 is divided by 30?
25
What is the remainder when 282 is divided by 252?
30
Calculate the remainder when 